the millions digit of 8075030?
8
What is the millions digit of 33292090?
3
What is the hundreds digit of 1013731?
7
What is the ten millions digit of 19690049?
1
What is the tens digit of 391105?
0
What is the millions digit of 1633134?
1
What is the hundreds digit of 906052?
0
What is the ten thousands digit of 14939140?
3
What is the hundred thousands digit of 926910?
9
What is the units digit of 317676?
6
What is the tens digit of 3530317?
1
What is the millions digit of 1225150?
1
What is the units digit of 3209939?
9
What is the hundred thousands digit of 554001?
5
What is the ten thousands digit of 789204?
8
What is the ten thousands digit of 446643?
4
What is the hundreds digit of 1743235?
2
What is the hundred thousands digit of 8426426?
4
What is the hundreds digit of 2029258?
2
What is the units digit of 841793?
3
What is the ten thousands digit of 520489?
2
What is the ten millions digit of 11672485?
1
What is the hundreds digit of 500221?
2
What is the tens digit of 1070543?
4
What is the tens digit of 18023349?
4
What is the ten thousands digit of 45600?
4
What is the thousands digit of 13529975?
9
What is the tens digit of 215830?
3
What is the tens digit of 627102?
0
What is the thousands digit of 10094618?
4
What is the thousands digit of 18794876?
4
What is the ten thousands digit of 555584?
5
What is the hundred thousands digit of 1446306?
4
What is the ten thousands digit of 3013415?
1
What is the ten thousands digit of 1170924?
7
What is the hundred thousands digit of 512372?
5
What is the tens digit of 101247?
4
What is the hundreds digit of 1076644?
6
What is the hundreds digit of 326635?
6
What is the units digit of 5978512?
2
What is the tens digit of 805339?
3
What is the ten thousands digit of 5411330?
1
What is the hundred thousands digit of 2323857?
3
What is the ten thousands digit of 8229588?
2
What is the hundred thousands digit of 1373624?
3
What is the units digit of 219558?
8
What is the hundreds digit of 1126202?
2
What is the hundreds digit of 141955?
9
What is the hundreds digit of 25831903?
9
What is the ten millions digit of 32592949?
3
What is the tens digit of 579280?
8
What is the tens digit of 137391?
9
What is the hundreds digit of 338825?
8
What is the tens digit of 139735?
3
What is the ten thousands digit of 16506470?
0
What is the hundreds digit of 735701?
7
What is the tens digit of 6743519?
1
What is the tens digit of 65203?
0
What is the hundreds digit of 67037?
0
What is the units digit of 1011766?
6
What is the millions digit of 1631879?
1
What is the hundreds digit of 40459?
4
What is the hundreds digit of 16217591?
5
What is the tens digit of 20816394?
9
What is the units digit of 176288?
8
What is the hundreds digit of 826667?
6
What is the units digit of 51826?
6
What is the tens digit of 7451581?
8
What is the thousands digit of 3551382?
1
What is the tens digit of 37993234?
3
What is the millions digit of 4008255?
4
What is the tens digit of 1448683?
8
What is the millions digit of 2468021?
2
What is the hundreds digit of 101222?
2
What is the tens digit of 1679748?
4
What is the ten thousands digit of 236407?
3
What is the hundreds digit of 1883720?
7
What is the hundreds digit of 1636368?
3
What is the millions digit of 3696957?
3
What is the thousands digit of 8079149?
9
What is the millions digit of 1768370?
1
What is the tens digit of 4114?
1
What is the thousands digit of 2791195?
1
What is the thousands digit of 579434?
9
What is the thousands digit of 10581129?
1
What is the units digit of 200895?
5
What is the millions digit of 2029733?
2
What is the units digit of 1231243?
3
What is the hundred thousands digit of 32813706?
8
What is the millions digit of 4766670?
4
What is the units digit of 388030?
0
What is the units digit of 1346023?
3
What is the millions digit of 3281632?
3
What is the units digit of 5854977?
7
What is the ten thousands digit of 345740?
4
What is the units digit of 179814?
4
What is the units digit of 26517?
7
What is the units digit of 769149?
9
What is the thousands digit of 2007353?
7
What is the units digit of 8534759?
9
What is the units digit of 1210260?
0
What is the tens digit of 624525?
2
What is the tens digit of 724211?
1
What is the ten thousands digit of 279714?
7
What is the hundred thousands digit of 762617?
7
What is the ten thousands digit of 5371349?
7
What is the hundreds digit of 40411?
4
What is the units digit of 60420?
0
What is the units digit of 354388?
8
What is the ten thousands digit of 140030?
4
What is the hundred thousands digit of 287182?
2
What is the millions digit of 1800873?
1
What is the tens digit of 4577618?
1
What is the millions digit of 1359457?
1
What is the hundred thousands digit of 334841?
3
What is the units digit of 2473837?
7
What is the ten thousands digit of 443217?
4
What is the tens digit of 260138?
3
What is the ten thousands digit of 115306?
1
What is the hundreds digit of 3554426?
4
What is the units digit of 1262828?
8
What is the millions digit of 3201702?
3
What is the tens digit of 192654?
5
What is the units digit of 430238?
8
What is the millions digit of 20840899?
0
What is the units digit of 22672110?
0
What is the hundreds digit of 121896?
8
What is the units digit of 43740?
0
What is the tens digit of 233250?
5
What is the thousands digit of 17770210?
0
What is the tens digit of 215031?
3
What is the ten thousands digit of 4550719?
5
What is the thousands digit of 37795?
7
What is the thousands digit of 4072294?
2
What is the thousands digit of 1133801?
3
What is the millions digit of 3932508?
3
What is the units digit of 504433?
3
What is the hundred thousands digit of 1501237?
5
What is the tens digit of 2546480?
8
What is the hundreds digit of 515028?
0
What is the millions digit of 4990766?
4
What is the ten millions digit of 23017496?
2
What is the ten thousands digit of 231698?
3
What is the thousands digit of 486417?
6
What is the hundreds digit of 441567?
5
What is the millions digit of 1445158?
1
What is the hundreds digit of 381909?
9
What is the ten thousands digit of 29945497?
4
What is the millions digit of 7263302?
7
What is the ten thousands digit of 23153?
2
What is the units digit of 209951?
1
What is the ten thousands digit of 11437227?
3
What is the ten thousands digit of 73936?
7
What is the thousands digit of 3517463?
7
What is the millions digit of 19548891?
9
What is the hundred thousands digit of 657767?
6
What is the units digit of 298877?
7
What is the millions digit of 5190841?
5
What is the thousands digit of 2944128?
4
What is the ten millions digit of 10812676?
1
What is the hundred thousands digit of 5080703?
0
What is the thousands digit of 15821171?
1
What is the thousands digit of 2215743?
5
What is the ten thousands digit of 187738?
8
What is the millions digit of 19629056?
9
What is the hundreds digit of 29464479?
4
What is the hundred thousands digit of 949012?
9
What is the thousands digit of 193909?
3
What is the units digit of 1349365?
5
What is the tens digit of 4800991?
9
What is the ten thousands digit of 521585?
2
What is the ten thousands digit of 15665377?
6
What is the units digit of 20544845?
5
What is the hundreds digit of 1461983?
9
What is the hundreds digit of 493980?
9
What is the tens digit of 5384?
8
What is the hundreds digit of 205841?
8
What is the thousands digit of 916534?
6
What is the tens digit of 716431?
3
What is the ten thousands digit of 2889933?
8
What is the tens digit of 214727?
2
What is the hundreds digit of 624580?
5
What is the tens digit of 7076501?
0
What is the units digit of 9772290?
0
What is the units digit of 49476?
6
What is the hundreds digit of 9267826?
8
What is the thousands digit of 2266512?
6
What is the hundreds digit of 694503?
5
What is the tens digit of 2963830?
3
What is the thousands digit of 402656?
2
What is the tens digit of 127268?
6
What is the tens digit of 327505?
0
What is the hundreds digit of 21892424?
4
What is the millions digit of 2398010?
2
What is the millions digit of 4468553?
4
What is the hundreds digit of 713945?
9
What is the hundreds digit of 21649438?
4
What is the thousands digit of 2996867?
6
What is the hundred thousands digit of 7009099?
0
What is the units digit of 